 - 13. Calculate c(3).
107
Let v(u) = -42*u - 160. What is v(-12)?
344
Let h(p) = 602*p + 1795. Calculate h(-3).
-11
Let w(b) = 258*b + 778. Calculate w(-3).
4
Let l(k) = -5*k**2 - 74*k - 392. Give l(-14).
-336
Let l(n) = -614*n - 48480. Calculate l(-79).
26
Let o(v) = -41*v**2 - 15*v - 13. What is o(-1)?
-39
Let c(x) = -347*x + 10030. What is c(29)?
-33
Let g(i) = -i**2 + 32*i + 451. Give g(-11).
-22
Let h(v) = -v**2 + 112*v + 7. Give h(0).
7
Let o(f) = 4*f**3 - 49*f**2 + 4*f - 555. Calculate o(13).
4
Let p(d) = -3*d - 98. Determine p(-18).
-44
Let z(o) = o**3 + 3*o**2 - 4*o. Give z(-3).
12
Let b(k) = k**3 - 55*k**2 - 574*k + 16. Calculate b(-9).
-2
Let l(h) = h**2 + 52*h + 178. Calculate l(-49).
31
Let n(i) = -89*i + 2747. Determine n(31).
-12
Let d(z) = z**3 + 15*z**2 - 21*z - 80. What is d(-16)?
0
Let n(s) = s**3 - 79*s**2 - 80*s - 143. What is n(80)?
-143
Let x(d) = 3*d**3 - 3*d**2 + 420*d - 1673. Give x(4).
151
Let g(m) = 2*m**3 - m**2 + 13*m + 11. Give g(0).
11
Let p(w) = w**2 - 148*w + 727. Calculate p(5).
12
Let a(o) = -2*o**3 - 88*o**2 + 183*o - 34. Determine a(-46).
12
Let g(y) = -20*y - 27. What is g(11)?
-247
Let u(p) = -529*p - 526. What is u(-1)?
3
Let u(s) = -s**2 - s + 35. What is u(-6)?
5
Let o(m) = -18*m + 1584. Calculate o(88).
0
Let o(w) = -26*w**3 - 573*w**2 - 19*w + 5. Determine o(-22).
-61
Let a(m) = 3*m**3 - 70*m**2 - 48*m - 16. Give a(24).
-16
Let k(p) = 4*p**2 + 13*p - 55. Calculate k(-6).
11
Let f(l) = 911*l + 8194. Calculate f(-9).
-5
Let f(y) = -y**2 + 27*y - 163. What is f(18)?
-1
Let m(i) = -i**2 - 128*i - 656. Determine m(-123).
-41
Let q(c) = 4*c**3 + 69*c**2 - 4*c - 1345. What is q(-16)?
-1
Let d(k) = 2*k**2 + 71*k + 7. What is d(-3)?
-188
Let z(n) = 13*n - 86. Calculate z(-8).
-190
Let p(h) = -h**3 - 2*h**2 + 26*h - 23. Determine p(0).
-23
Let c(o) = -27*o - 425. Determine c(-25).
250
Let u(b) = -b**2 - 42*b - 184. Calculate u(-39).
-67
Let s(q) = -35*q + 2255. Calculate s(64).
15
Let o(c) = 4*c**3 - 31*c**2 - 11*c - 317. Determine o(9).
-11
Let y(a) = 5*a**3 - 72*a**2 - 15*a - 44. Determine y(15).
406
Let o(u) = -3*u**2 - 27*u - 13. Calculate o(6).
-283
Let b(h) = -2*h**3 + 20*h**2 - 52*h + 17. Give b(6).
-7
Let o(b) = -b**3 + 7*b**2 + 39*b - 253. Give o(5).
-8
Let v(f) = 35*f + 1088. Calculate v(-41).
-347
Let d(o) = -86*o + 1725. Give d(9).
951
Let n(o) = o**3 + 2*o**2 - 11*o + 10. What is n(-4)?
22
Let m(s) = -s**2 - 39*s - 385. Determine m(-10).
-95
Let g(w) = -4*w**2 - 33*w - 22. What is g(-4)?
46
Let x(u) = -u**3 + 22*u**2 + 47*u + 9. Give x(24).
-15
Let o(x) = -10*x - 251. Determine o(-40).
149
Let f(b) = -3*b**2 + 7*b + 105. Give f(14).
-385
Let w(h) = -51*h - 45. What is w(-8)?
363
Let v(j) = -j**2 + 9*j + 78. Determine v(13).
26
Let i(f) = -f**3 + 129*f**2 + 119*f + 1438. Determine i(130).
8
Let o(j) = j**2 - 39*j + 384. Determine o(21).
6
Let r(m) = -3*m**2 - 156*m + 2532. What is r(13)?
-3
Let k(t) = -t**2 + 232*t - 1342. Determine k(6).
14
Let w(n) = -n**3 - 6*n**2 - 20*n - 176. Determine w(-6).
-56
Let q(y) = 23*y**3 - 2463*y**2 + 230*y - 1716. What is q(107)?
-4
Let z(l) = 13*l**2 + 84*l + 16. Give z(-7).
65
Let c(s) = 2*s**2 - 84*s + 212. What is c(32)?
-428
Let w(v) = 27*v + 241. What is w(-9)?
-2
Let i(a) = a**3 - 34*a**2 + 28*a + 10. Determine i(33).
-155
Let f(y) = -y**2 + 9*y + 19. Determine f(-7).
-93
Let y(q) = -682*q + 10193. Determine y(15).
-37
Let q(o) = -623*o**3 - 3*o**2 + 7*o - 5. Determine q(1).
-624
Let y(c) = -27*c**3 - 8*c**2 + 34*c + 124. What is y(-3)?
679
Let y(b) = -7*b + 342. Give y(49).
-1
Let j(g) = 44*g + 1601. Give j(-40).
-159
Let g(u) = -5*u**2 - 253*u - 659. What is g(-48)?
-35
Let t(y) = -6600*y - 39600. Calculate t(-6).
0
Let p(b) = -b**3 - 4*b**2 + 16*b - 17. What is p(-8)?
111
Let x(j) = -2*j**2 - 975*j - 8578. Give x(-9).
35
Let h(z) = -z**2 - 89*z + 359. Give h(4).
-13
Let p(n) = -7*n**2 + 23*n - 207. What is p(8)?
-471
Let d(z) = -2*z**2 + 324*z + 5309. Determine d(-15).
-1
Let n(j) = -4*j**2 + 12*j + 503. What is n(-10)?
-17
Let q(x) = -x**3 + 31*x**2 - 55*x - 69. Give q(29).
18
Let f(z) = 2*z**3 + 32*z**2 - 52*z - 302. What is f(-17)?
4
Let x(i) = -790*i + 785. Calculate x(1).
-5
Let q(o) = -11*o + 57. Calculate q(8).
-31
Let l(i) = -9*i + 130. Determine l(5).
85
Let d(r) = -2*r**3 + 473*r**2 + 2172*r - 717. Determine d(241).
6
Let y(j) = 3*j**3 - 52*j**2 - 98*j - 34. Give y(19).
-91
Let k(r) = -1190*r + 47563. Calculate k(40).
-37
Let f(s) = 179*s + 29. What is f(-4)?
-687
Let q(p) = p**3 + 17*p**2 + 33*p - 8. Determine q(-14).
118
Let g(j) = -8*j**2 + 48*j - 32. Calculate g(5).
8
Let f(y) = 83*y + 866. What is f(-11)?
-47
Let k(g) = -4*g**3 - 17*g**2 + 9*g + 69. Calculate k(-7).
545
Let r(i) = -2*i**3 + 55*i**2 - 30*i - 4. Give r(27).
-85
Let z(r) = r**3 - 53*r**2 - 5*r + 430. What is z(53)?
165
Let v(r) = -13*r + 353. Determine v(9).
236
Let y(u) = -18*u - 802. What is y(-45)?
8
Let v(b) = -b**3 + b**2 + 8*b - 10. Calculate v(3).
-4
Let z(h) = -2*h**2 - 3*h + 45. Calculate z(-6).
-9
Let h(l) = l**3 - 10*l**2 - 36*l + 119. What is h(12)?
-25
Let l(y) = -401*y - 3202. Determine l(-8).
6
Let k(r) = 71*r - 250. Give k(3).
-37
Let a(q) = -3*q**2 + 65*q - 86. What is a(20)?
14
Let s(x) = 54*x + 560. Determine s(-11).
-34
Let u(w) = 5*w**2 - 140*w + 582. Calculate u(4).
102
Let s(z) = z**3 + 34*z**2 + 96*z + 1009. Give s(-32).
-15
Let m(l) = 181*l - 1086. What is m(6)?
0
Let g(a) = a**3 - 12*a**2 + 16*a - 5. Calculate g(7).
-138
Let b(r) = 3*r**3 - 84*r**2 + 13*r - 366. Give b(28).
-2
Let p(t) = -67*t + 207. Determine p(3).
6
Let j(k) = -k**3 - 3*k**2 + 52*k + 193. Determine j(-4).
1
Let c(t) = t**2 + 443*t + 7695. Determine c(-18).
45
Let b(h) = 24*h - 1327. Calculate b(54).
-31
Let i(w) = 4737*w - 123165. What is i(26)?
-3
Let k(b) = -16*b - 730. Calculate k(-12).
-538
Let u(o) = 37*o + 41. What is u(-12)?
-403
Let o(k) = -k**2 - 24*k + 113. Determine o(4).
1
Let l(a) = 81*a - 15. Calculate l(-3).
-258
Let s(a) = -2*a**3 + 16*a**2 - 9*a + 11. What is s(8)?
-61
Let t(d) = -2094*d - 56538. Calculate t(-27).
0
Let r(u) = u**3 - 3*u**2 + 78*u - 436. Determine r(5).
4
Let p(s) = 367*s + 104954. Calculate p(-286).
-8
Let n(v) = -2*v**3 + 22*v**2 - 15*v + 50. What is n(11)?
-115
Let s(h) = h**3 - 6*h**2 + 43*h + 46. Calculate s(11).
1124
Let c(p) = 16*p**2 - 120*p + 69. What is c(7)?
13
Let p(y) = -y**2 - 40*y + 78. Calculate p(-42).
-6
Let t(s) = 7*s**3 - 84*s**2 - 19*s + 78. Give t(12).
-150
Let l(k) = 2*k - 43. What is l(-33)?
-109
Let f(u) = -272*u + 86491. What is f(318)?
-5
Let d(z) = -2*z**3 - 23*z**2 - 44*z + 11. Determine d(-9).
2
Let a(h) = -249*h**2 - 475*h + 44. Calculate a(-2).
-2
Let s(d) = -7*d**2 + 10*d - 3. Calculate s(-5).
-228
Let z(a) = 73*a + 176. Give z(-2).
30
Let y(i) = -4*i**2 + 12*i + 10. What is y(-6)?
-206
Let n(v) = -80*v + 424. Give n(-4).
744
Let v(i) = i**3 - 32*i**2 + 139*i - 63. What is v(27)?
45
Let m(t) = 3*t**3 - 19*t**2 + 10*t - 46. Give m(6).
-22
Let j(d) = -40*d + 2255. Determine j(57).
-25
Let r(t) = -39*t + 43. What is r(-18)?
745
Let h(m) = m**3 + 9*m**2 - 751*m + 2150. Calculate h(3).
5
Let u(k) = 213*k - 3160. Determine u(15).
35
Let y(n) = -n**3 - 101*n**2 - 388*n - 42. Give y(-97).
-42
Let o(h) = -6*h + 203. Determine o(19).
89
Let u(q) = 181*q - 17549. Give u(97).
8
Let y(w) = -34*w**2 + 12*w + 3. Determine y(3).
-267
Let j(w) = 9888*w - 79109. What is j(8)?
-5
Let y(r) = -890*r + 1758. Calculate y(2).
-22
Let z(r) = -6*r**2 - 17*r + 108. Calculate z(5).
-127
Let f(d) = -2*d**3 + 93*d**2 + 49*d - 88. What is f(47)?
6
Let g(b) = 17*b**2 - 135*b - 268. Calculate g(-2).
70
Let j(u) = 15*u + 1250. Give j(-84).
-10
Let f(b) = -b**3 - 3*b**2 + 19*b + 4. Calculate f(6).
-206
Let r(z) = -4*z**2 + 74*z - 77. What is r(1)?
-7
Let q(b) = -2*b**3 - 23*b**2 - 2*b - 1. Calculate q(-2).
-73
Let i(a) = -a**3 + 38*a**2 - 139*a + 72. Determine i(34).
-30
Let i(u) = 8594*u - 8591. Determine i(1).
3
Let u(j) = -j**2 - 24*j - 47. What is u(-20)?
33
Let i(v) = 263*v - 3224. Determine i(12).
-68
Let l(r) = 6*r**2 + 226*r + 10. Calculate l(-37).
-138
Let x(o) = -18588*o - 55760. Calculate x(-3).
4
Let u(z) = z**3 - 48*z**2 + 46*z + 41. Calculate u(47).
-6
Let y(o) = 2*o**3 + 24*o**2 - 83*o + 80. What is y(-15)?
-25
Let u(k) = 339*k**